{"id":126,"date":"2016-09-02T14:16:33","date_gmt":"2016-09-02T12:16:33","guid":{"rendered":"http:\/\/www.schwimmverband-kaernten.at\/test\/?page_id=126"},"modified":"2018-11-11T22:28:58","modified_gmt":"2018-11-11T21:28:58","slug":"rekorde","status":"publish","type":"page","link":"https:\/\/www.schwimmverband-kaernten.at\/?page_id=126","title":{"rendered":"Rekorde und Bestenlisten"},"content":{"rendered":"<p><em><strong>\u00d6STERREICHISCHE BESTENLISTE:<\/strong><\/em><\/p>\n<p><a href=\"http:\/\/www.schwimmverband.at\/schwimmen\/bestenliste\/\">Bestenliste OSV<\/a><br \/>\n<em><strong>\u00d6STERREICH REKORDE:<\/strong><\/em><\/p>\n<p><a href=\"http:\/\/osv.comfit.at\/schwimmen\/rekorde\/\" target=\"_blank\">OSV REKORDE<\/a><\/p>\n<p>&nbsp;<\/p>\n<p><em><strong>K\u00e4rnten Rekorde\u00a0<\/strong><\/em><\/p>\n<p>Liste entspricht den\u00a0 allg. WKBSW des OSV. Hier sind nur die Rekorde der \u00f6sterreichischen Staatsb\u00fcrger\u00a0 &#8211; laut Paragraph 15.5.2. &amp; 16.5.2. \u201eDer Schwimmer muss \u00f6sterreichischer Staatsb\u00fcrger sein.\u201c, angef\u00fchrt.<\/p>\n<p>Kurzbahn 25m\u00a0 siehe:\u00a0<a href=\"http:\/\/www.schwimmverband-kaernten.at\/test\/wp-content\/uploads\/2016\/09\/Rekorde-6.11.2018.xlsx\" target=\"_blank\">Rekorde (6.11.2018)<\/a><\/p>\n","protected":false},"excerpt":{"rendered":"<p>\u00d6STERREICHISCHE BESTENLISTE: Bestenliste OSV \u00d6STERREICH REKORDE: OSV REKORDE &nbsp; K\u00e4rnten Rekorde\u00a0 Liste entspricht den\u00a0 allg. WKBSW des OSV. Hier sind nur die Rekorde der \u00f6sterreichischen Staatsb\u00fcrger\u00a0 &#8211; laut Paragraph 15.5.2. &amp; 16.5.2. \u201eDer Schwimmer muss \u00f6sterreichischer Staatsb\u00fcrger sein.\u201c, angef\u00fchrt. Kurzbahn 25m\u00a0 siehe:\u00a0Rekorde (6.11.2018)<\/p>\n","protected":false},"author":1,"featured_media":0,"parent":0,"menu_order":0,"comment_status":"closed","ping_status":"closed","template":"","meta":{"footnotes":""},"class_list":["post-126","page","type-page","status-publish","hentry"],"_links":{"self":[{"href":"https:\/\/www.schwimmverband-kaernten.at\/index.php?rest_route=\/wp\/v2\/pages\/126","targetHints":{"allow":["GET"]}}],"collection":[{"href":"https:\/\/www.schwimmverband-kaernten.at\/index.php?rest_route=\/wp\/v2\/pages"}],"about":[{"href":"https:\/\/www.schwimmverband-kaernten.at\/index.php?rest_route=\/wp\/v2\/types\/page"}],"author":[{"embeddable":true,"href":"https:\/\/www.schwimmverband-kaernten.at\/index.php?rest_route=\/wp\/v2\/users\/1"}],"replies":[{"embeddable":true,"href":"https:\/\/www.schwimmverband-kaernten.at\/index.php?rest_route=%2Fwp%2Fv2%2Fcomments&post=126"}],"version-history":[{"count":13,"href":"https:\/\/www.schwimmverband-kaernten.at\/index.php?rest_route=\/wp\/v2\/pages\/126\/revisions"}],"predecessor-version":[{"id":715,"href":"https:\/\/www.schwimmverband-kaernten.at\/index.php?rest_route=\/wp\/v2\/pages\/126\/revisions\/715"}],"wp:attachment":[{"href":"https:\/\/www.schwimmverband-kaernten.at\/index.php?rest_route=%2Fwp%2Fv2%2Fmedia&parent=126"}],"curies":[{"name":"wp","href":"https:\/\/api.w.org\/{rel}","templated":true}]}}